) + 0)) + -7023 + 6941 - 6?
-81
Calculate (2 - (-1 - -4)) + -6 + -33.
-40
What is the value of (-58 - -68) + -37 + (6 - -10)?
-11
What is (-15 - (0 + 1 + -59 + 3 + 53)) + 18?
5
What is the value of (-1 - -3 - -7) + (2 + -1 - (-243 - -253))?
0
What is the value of (22 + -42 + -5 + 12 - -19) + (-3 - 92)?
-89
Calculate (2667 + -2664 - (-1 - 12)) + 92.
108
Evaluate -25 + (11 - -34) + (-78 - (3 + -3)).
-58
What is 1 - (18 - (83 - 49))?
17
-20 - (19 + -14 + -15 + (21 - 4))
-27
What is 3 + 2 + -138 - (26 + (-57 - -5))?
-107
Calculate 1207 + -1155 - (3 - 2).
51
Evaluate 1763 + -1825 + (-4 - -37).
-29
Calculate 34 - ((-36 - -21) + 35 - 12).
26
46 + -62 + -57 + 86
13
Calculate (-52 - (8 - 1 - (-30 + 26 + 11))) + -4.
-56
Evaluate 7 - (4 + (-2 - 15) - (151 - 154)).
17
Calculate -47 - (-43 + (-6 - -15) + 12).
-25
What is the value of (60 - 4) + 32 - 127?
-39
What is (-16 + 4 - (3 + -5)) + -35 - -4?
-41
What is the value of 2 + -2 + 10 + -11 + -31 + 4?
-28
(-1 - -1) + -3 + (-3 - 89) + (-1888 - -1881)
-102
Evaluate 9 + -26 + 19 + -9.
-7
(0 - 1 - 14) + (77 + -141 - -149)
70
13 - (-24 + 28) - (0 - (10 - 2))
17
What is the value of 27 + (-1778 - -1802 - (42 - 0))?
9
Evaluate -80 - (3 + -12 + 12 - 3) - (5 - 2).
-83
Evaluate 4 + -1 + -26 - (-19 - 5).
1
What is (114 - 136 - -13) + 8?
-1
Evaluate -1 + 7 + (-13 - 139 - -1 - -24) + 4.
-117
Evaluate 83 - -29 - 104 - 143.
-135
Evaluate (-2 + (0 - 4) + 3 - 107) + -5324 + 5331.
-103
Calculate (1 + 4 - ((40 - -41) + -74)) + -27.
-29
What is the value of (1 - 133) + 63 + -50 + (-8 - -15)?
-112
Evaluate -27 - (-52 - -145 - 102).
-18
What is (2888 - 2877) + 23 + (4 - 2)?
36
What is -82 + 46 + -41 + 124?
47
Evaluate (-3 - -19) + -129 + 116 - (-1 + -12).
16
Evaluate 754 - 767 - (-3 - -38 - (1 + 2)).
-45
(16 - 3) + -37 + 12 + 9
-3
Calculate (-22 - -123) + -126 + -42.
-67
-134 + 90 + (68 - -11) + 27
62
(55 - 76 - (6 + -79)) + 2 + 5
59
What is the value of -19 + (-16 - -43) + -34?
-26
What is the value of 44 + (-25 - (43 + -2))?
-22
Calculate 10 - -12 - (120 - 72).
-26
What is (-42 - 17 - -25 - -57) + -88?
-65
What is the value of -13 + (-2 - (-10 + 7)) + 5 + -21?
-28
What is -7 + 3 - (56 + -30)?
-30
Calculate 3 - (-5 + 3 + 14) - (-254 + 239).
6
Evaluate (-19 - (-8 + -17 + 22) - -4) + -30.
-42
What is -27 + 30 + 13 - 21 - 48?
-53
What is (18 - -77) + 217 + -298 + (0 - (5 + 1))?
8
Evaluate 80 - -27 - (-69 - -92).
84
Evaluate (42 - 15 - (6 - 5)) + -30.
-4
What is the value of (-8 - -4 - -19) + -9 + -10?
-4
Evaluate 9 + (4 + -2 - 2) + 25 + -50 + 19.
3
Evaluate (-3 - (-2 + -3)) + -10 + 45 + -3.
34
What is the value of -3 + -10 - -26 - 2?
11
4 + (117 - (9 - 19)) - (-6 - -19)
118
What is (21 - 4) + (-39 + 18 - -14)?
10
What is (-43 - -7) + -15 + 1 + (12 - -7) + -15?
-46
What is -20 + (10 - 9) - -5 - (1 + -8 + -1)?
-6
Calculate -27 + (-7 + 40 - -10).
16
What is the value of -105 + 75 + 68 - -31?
69
What is the value of -78 + 54 - (19 - -4)?
-47
Evaluate 107 - (90 + -142 + 108).
51
-96 + 30 + 64 - (2 - (-2 - (-1 + -59)))
54
Calculate -84 - (5 - (18 - (-3 + 5 + 3))).
-76
What is (33 - 58 - (3 - 17)) + 52?
41
What is the value of 97 + 0 - 2 - (-2326 + 2347)?
74
-13 - ((-27 - (-22 + 4)) + -29)
25
Evaluate -1138 + 963 - (-92 + 1).
-84
What is the value of (1 + 10 - 2 - (20 + -14 - -8)) + -126?
-131
What is 64 + -144 - -28 - -16?
-36
(-27 - ((-35 - -9) + 0)) + 24
23
What is 24 - -6 - (-21 - -71)?
-20
7 + -6 + 3 + 1 - (-2494 + 2535)
-36
Evaluate -5 - (-14 - (-7 - 1) - 11) - (2 - 1).
11
(-72 - (3 - 6)) + -22 + (-4 - (4 - 33))
-66
What is 65 - (117 + 107) - -49?
-110
What is (15 - 37) + -221 + 205 + -67 + -1?
-106
What is the value of -74 - 0 - (3304 - 3307)?
-71
(-15 - -24 - (7 + (-8 - -3))) + 0
7
What is 67 - (38 + -19 - -8)?
40
Evaluate 1 - 59 - (-330 + 281).
-9
Evaluate 12 - (3 + 13 + 5) - -32.
23
Calculate 0 - (16 - (2 - -1) - (-33 - -40)).
-6
What is the value of (7 - (-10 + 3)) + 23 + (-2 - -1) + -14?
22
Calculate (7 - (37 + -51)) + -28 - (1 + 6).
-14
What is 14 - 6 - (9 + 2 + -9 + 37 + -8)?
-23
Calculate -15 - (-24 + 0 + 24 + (39 - 56)).
2
What is the value of 2 - (2 + -6 + 11) - (-30 + 12 - -37)?
-24
Calculate 958 + -975 + (1 - -2 - -1).
-13
Evaluate -2 + -15 + (50 - 29) + -6 + -14.
-16
What is 12 + (4 - (-21 + (-2 - -11) + -16))?
44
What is 0 + 5 + (-27 - (-42 + 27 - -49))?
-56
Calculate 4534 + -4552 - (-1 - (-2 + 15)).
-4
959 + -924 + -32 + 1
4
13 + (-55 - -68) + -45
-19
What is (-9 - (-43 - -117)) + 61?
-22
Calculate 16 - (-147 - ((-293 - -285) + -17 + 1)).
139
Calculate -26 - 15 - 3 - ((33 - 15) + -37).
-25
Calculate (-1 - 75) + 30 + -66.
-112
Evaluate -3 + 2 + -3 - 19 - (-189 + 181).
-15
What is -4 + (7 + -4 - -1) + (-22 - -32) - 44?
-34
Evaluate (1 - 2 - -8) + (75 - 44) + -20.
18
What is 36 + (-14 - (-18 + 11 - -75))?
-46
What is the value of 1 + (26 - -82) + -76?
33
-17 - -1 - 2 - (-7 - (-21 - -19))
-13
(58 - 1 - 92) + 54
19
What is 1 - -7 - (251 - 19 - 207)?
-17
Evaluate -5 + (4 - 8) + ((6 - -10) + -4 - 23).
-20
What is (-19 - (-3 - -5)) + -525 + 530 + -32?
-48
Calculate 59 - 119 - -68 - (2 + -3 + 8).
1
What is -31 + 15 - 6 - -17?
-5
-149 + 123 - -132 - 164
-58
What is (-21 - (41 - 53)) + 28?
19
What is 2 + 8 + (24 - (-25 + 47)) + (1 - -2)?
15
(11 - 5) + -125 + 175
56
Calculate 77 - 63 - (-2 + 10 + -3 + -6).
15
What is the value of (-21 - -43) + -22 + -10 - (1 - (3 - -87))?
79
Evaluate (-15 + -3 - (50 - 57) - -27) + -30.
-14
What is -11 + (-20 - (-80 + 36))?
13
What is the value of (-12 + -1 - (47 + -100)) + -15?
25
What is the value of 3157 + -3079 - (49 - 3)?
32
Evaluate -9 - (-40 - (-63 + -5)) - 17.
-54
Evaluate (0 - -6 - (15 + (-26 + 19 - 1))) + -32.
-33
What is -28211 + 28206 - (18 + 1 + 2 + -2 + 0)?
-24
What is the value of 62 - (59 - -39) - (-1 - 12) - 101?
-124
What is (-40 - (-2 - -29)) + (3 + -21 - -2)?
-83
Calculate -14 - (112 + -121) - (-62 - 2).
59
Calculate (120 - 61) + -2 + -113.
-56
Calculate -26 + 0 - (-1477 - -1428).
23
Calculate -48 + (-17 - (-18 - (3 - 17) - 17)).
-44
Calculate 109 - (-2 + 1 + (-2 - -3)) - (6844 - 6841).
106
107 - (-8 - (-36 - -37) - -11)
105
Evaluate (-110 - (-23 + -42 + 30)) + 4.
-71
-10907 + 11013 + -2 + -185
-81
-16 + 135 + 0 + (48 - 56 - 9)
102
72 - (-8 - (-11 + -84))
-15
Evaluate -31 + 7 - (-7 + 5 + -16).
-6
What is the value of (-5 - (-7 + -7)) + 44 + -6 + 5 + -1?
51
28 + (20 - 43 - -15)
20
Calculate (-15 - -6) + (99 - 52).
38
Calculate -70 + (-45 - -127) + (4 - 2) + -10.
4
What is -18 - ((32 - 53) + 4)?
-1
What is the value of 19 - ((-7 - 0 - (-17 - -10)) + 0 - 0)?
19
-67 - (-39 + 90 - 114)
-4
Calculate -57 - (-2 + -17 + 14 - (-15 + 2 + 1)).
-64
Evaluate (18 - 4) + -31 - 16 - (-3 - 2 - -9).
-37
Calculate 10 - (-21 + (42 - 10) + (3 - -22 - 2)).
-24
What is 4 + (0 - 12) + 2 + -95 + 32 + 11?
-58
Evaluate 2 + 1 - (12 - 33 - -34).
-10
Calculate -5 + (23 - (-8 + 8 + 6)) - 22.
-10
What is the value of 23 - (-11 + 48) - (-14 - -33)?
-33
Calculate 0 - 33 - (59 + (-67 - -22)) - 15.
-62
What is (60 + -90 - 14) + (24 - 0)?
-20
Evaluate -13 - (0 + -1 + 0 + (-739 - -752)).
-25
-1 - -37 - (70 + -12 + 26)
-48
Calculate (-9 - 3) + -24 + 5 + 40.
9
What is -64 + -11 + (-9 - -15) + (-5 - -10)?
-64
What is -115 - (-43 + -22 + -3 - -35)?
-82
What is -55 - -38 - (4 + -1 + 4 + 1)?
-25
22 + -21 + 34 + -57 - -17
-5
(-7 - 47 - 6) + 17 - -2
-41
What is the value of (112 - 46) + -46 + 42?
62
Calculate -39 + (92 - 53) + -5.
-5
Evaluate 10 - 1 - (93 + (-27 - (-12 + -1))).
-70
(1 - -64) + (6 - ((-7 + 31 - 4) + -9))
60
Calculate -7 + (18 + -12 - 0) + -2 - 2 - -8.
3
What is 32 + (23 - (19 + 62))?
-26
What is 46 + 18 + -23 - (-1 - 4)?
46
What is the value of (29 - (19 + 51)) + 42?
1
74 + (38 - (3 + 65))
44
What is 71 - (-84 - -126 - (7 - -17))?
53
What is 66 + -108 + -29 + 38?
-33
-13 + -100 + -71 + 61 + -9
-132
Evaluate 37 + -104 + 42 + (7 - -3) + 105.
90
Calculate 12 - (129 + 2 + -4 + (-161 - -150)) - 11.
-115
4 + -85 + -3 + (-9 - 2) + 0 + 25
-70
What is the value of 5 + (-98 - -47) + 40?
-6
What is the value of (7 + -9 - -18) + -8 + (-4 - -15)?
19
Calculate -73 + (-1 - -2) + (-18 - (46 + -79)).
-57
What is 23 + -18 + (-11 - 13) - -19?
0
-38 + -30 - (179 + -296)
49
What is (3 - 15 - -28) + -3 + -1 + -8?
4
What is the value of -1 - -7 - (-26 + 38) - -3 - (187 + -206)?
16
Calculate 0 - 8 - 1 - (-4448 + 4463) - -11